 - (-2 - -16) - 1?
-9
Evaluate -3 - (7 - 5) - ((-12 - 16) + -14).
37
Evaluate 55 - (-10 + 8 - -5 - 3).
55
What is (-41 - (-10 + -2) - -35) + (-4 - -3)?
5
Calculate (-37 - (-72 + 58)) + 49.
26
What is -7 - (-27 + 37 - 31) - (-3 + 13 + -2)?
6
(-36 - (23 + -6 + -39)) + -70
-84
132 - 50 - (39 + 33)
10
What is the value of -3771 + 3793 - (0 - -4 - -4)?
14
Calculate 0 + (-1 - 11) + -257 + 0 + 235.
-34
Evaluate 382 - 353 - (25 + 73).
-69
5 - (-92 + (19 - 0) + 41 + 50 + -102)
89
What is 75 - (-50 - -48) - 25?
52
Evaluate (-36 - -2) + (72 - (68 - 14)).
-16
What is 0 - (-2 + 3 - -2) - (-129 + (15 - -41))?
70
What is (-48 - -26) + (2 + 11 + -7 - -2) - -4?
-10
-3204 + 3268 + 24 + (-3 + -2 - -2)
85
-1242 - -1236 - (-2 + 0 + 3 + -33)
26
Evaluate 5 - (-4 + 34) - (-253 - -296).
-68
Evaluate 54 - (44 + -39) - -3.
52
Evaluate (34 - 58) + -54 + 19.
-59
What is 130 + -8 + -94 + 3 + -29?
2
(-5 - (-4 - 16)) + -54 + 38 + -111 + 1
-111
What is 50 - 0 - (120 - 157 - -49)?
38
What is 0 + -8 - ((-25 - 0) + -69 + 70)?
16
Calculate -56 + 48 - (-5 + 52).
-55
What is (-7 - (0 + (-7 - 0))) + (21 - 13) + -55?
-47
What is the value of -9 - (3 + -3) - (34 + (-51 - -14))?
-6
What is the value of -22 + (71 - 66) + 17?
0
Calculate 40 + -4 + -556 + 535 - 45.
-30
What is -53 - ((-96 - -10) + 35)?
-2
What is the value of -29 + -79 + 95 + 0 + 11 + -28 + 1?
-29
Calculate 16 + (-6 + (8 - 7) + -5 - (11 - 26)).
21
Calculate 32 - ((100 - 31) + -23 + -31).
17
What is the value of (-757 + 734 - (0 + -39)) + 47?
63
Calculate -48 - 20 - -135 - 40.
27
What is the value of (4 - (-5 + 5)) + (69 - (20 + -22 - -20))?
55
What is 34 + (-29 - -33 - (-4 + -6 - -29 - 4))?
23
Calculate (-6 - (-1 - 8) - -3) + -71 + -9 + 18.
-56
Calculate 23 + 32 + -1 + (9 - 2) + 39 + -53.
47
What is the value of (23 - (17 - (20 - 4))) + (-11 - 4)?
7
Evaluate 1533 + -1430 + -2 + 3.
104
(58 - ((9 - 62) + 25)) + -5
81
Calculate 55 + (61 - (22 + 18)).
76
What is the value of -34 + 79 + (72 - 169)?
-52
What is the value of -12 + (-18 - -29) + 10 + 23 + -2?
30
Calculate 3 + 2 + (158 - 146 - (-2 - -73)).
-54
(4 - -13) + 8 + 4 + 9 + (0 - -2)
40
(-2 - 16) + (4 - 2 - -6)
-10
Evaluate -17 + (-25 - (-13 + -3)) - 4.
-30
Evaluate 43 - (94 + -51 - 15).
15
What is 25 + (65 - 67) + (14 - 25)?
12
What is the value of -46 + -14 - -45 - (3 - -33)?
-51
Evaluate -2487 + 2533 - (60 - -1).
-15
Evaluate -3 + (-28 - (-32 - -25) - 36) - 9.
-69
Evaluate (14119 - 14110) + (-1 + 0 + 1 + 2 - 12).
-1
What is 43 + 10 + (11 - 48)?
16
What is 52 - ((24 - -28) + -18)?
18
Evaluate 110 - (0 + -2 + -36 + 56).
92
Calculate -51 - (0 + 8 + -8 - (0 + -5 - -15)).
-41
What is (2 + -2 - 14 - 0) + 2438 + -2413 - 111?
-100
Evaluate 81 - 39 - (41 - (19 + 3)).
23
(-2 - -3 - -5) + (-7 + -5 - 12)
-18
What is 25 + 10 + -5 + -8 + 5 + 4?
31
What is the value of -12 + (6 - 10 - (-7 - 126 - -23))?
94
Calculate 123 + 100 + -132 - -49.
140
-7 + -7 - ((-1 - (6 - -5)) + 4)
-6
Calculate 2 + (33 - (-11 - -25)) + 7.
28
What is the value of (13 - -13) + (-50 - (-21 + -40))?
37
-2 - (-19 + 7) - (88 - ((21 - 13) + -14))
-84
Calculate (0 - (1 + 2 + -22)) + (-249 - -179 - -79).
28
Calculate 4 + (93 + -68 - (2 - -12) - (1 - 6)).
20
-37 - (6 + -8 + (3 - -2) + 1 + -3)
-38
What is 95 - 149 - 74 - -179?
51
-52 - -2 - (4 + -31 - -5)
-28
-53 - (-39 + 97) - -109
-2
-5 + -11 + 27 - -93 - (9 - 0)
95
Calculate 26 + -186 - (244 - 259).
-145
What is the value of 124 + -61 - (-16 - -29 - (-1 - -1))?
50
What is 78 - (8 + (-24 - -32))?
62
What is 158 - (275 + -147) - (-46 + -2)?
78
Evaluate (-36 + 17 - -18) + -6 + 3 + (102 - -1).
99
Evaluate -29 - ((0 - 78) + 106).
-57
(-2 + -8 + 0 - (-17 - -6)) + 23
24
Evaluate (1 - -26) + 17 + -2 + -10 + (-12 - -13).
33
-7 + (82 - 71 - (10 - 1)) + -52
-57
What is 16 + 38 + 40 - 185?
-91
Evaluate -51 - 153 - -129 - -144.
69
10 - 25 - ((7 - -6) + -27)
-1
0 - -34 - 13 - (-8 - 3)
32
(-42 - (10 + -3)) + 34 + -53 + 29
-39
Calculate -5 - 4 - ((13 - 16 - 10) + 15 - 112).
101
What is 42 - (49 + 15 + -29) - (1 + 69 + 0)?
-63
-1 - -1 - (12 - 8) - -28
24
What is the value of ((30 - 15) + -5 - 85) + 0 + (-5 - -3)?
-77
Calculate 27 - -3 - (31 + -41) - 35.
5
Calculate (-42 - -1) + (-66 - 61 - -187).
19
Evaluate 1305 - 1323 - (1 + 0 - 4 - -9).
-24
119 + (-97 - -59) + -61
20
Evaluate -96 + 6 - (-102 - 59).
71
What is -2 + -7 - -67 - ((23 - 38) + 23)?
50
What is 0 + (78 - -51) - 85?
44
-8 + -18 + 24 + -11 - (132 + -9)
-136
Calculate 105 + -42 - -27 - 37.
53
What is 118 + (-6 + 30 - (-47 - (27 - 89)))?
127
What is the value of 20 + (5 - (-21 + 15 - -45)) - (-1 - 0)?
-13
What is the value of 262 - (86 - -60) - -17?
133
(-13 - (104 - 51)) + 62
-4
What is (5 - 69) + 39 + -8 + -17 + -21?
-71
Calculate -6 - (4 + -13 + -10 + 13 + -23).
23
What is (-88 - (9 - -13 - -3)) + 17 + 2?
-94
0 + (-12 + 14 + 11 - (23 - 2))
-8
What is 0 + -1 + 1 + (11 - (4 - 6))?
13
What is 246 - 429 - -170 - (-1 - -71)?
-83
Evaluate (-42 - 49 - -62) + -17.
-46
-17 - -92 - (152 + -120)
43
18 - -1 - (-3 + (-6 - (20 - 37))) - 8
3
Calculate -22 + -12 + 3 + -9 + 34 + -6 + -4.
-16
4 + (-35 - -17) + -9 + 15 + -1 + -14
-23
What is the value of 46 + (47 - (128 + -26))?
-9
-1 + 8 + 1 + 52 + -51 - -24
33
What is -12 + -3 + (1 + 3 + 2 - -9) + -33?
-33
(-8 - 0 - -7) + 10 + -7 + 31
33
What is the value of -3 + 2 - (-48 + 32 + (4 - -24))?
-13
Evaluate 11 + -26 + -127 + -19 + 71.
-90
What is -63 - (23 + 1) - (4 - -3)?
-94
-32 - (-63 + 29) - -16
18
(140 - 28) + -52 - (21 - 2)
41
What is the value of (-94 - (139 - 150)) + 22?
-61
Evaluate 17 + 60 + 2 + 8 + (1 - 22).
66
-26 + (8 - 2) - (-154 + 155)
-21
3 + -21 + 15 - 12
-15
Evaluate -8 - (-2 + 1 + -7 + -14 + 13 - -27).
-26
What is the value of -235 - -162 - (-63 + -9)?
-1
-14 - ((1 - -1) + (-18 - -10) + 1 + -2)
-7
Evaluate -1 - -17 - ((16 + 9 - 62) + 18).
35
What is the value of (-32 - -3 - 3) + (20 - (17 - 10))?
-19
1 + -70 + (22 - -20)
-27
Calculate 0 - -110 - (-7 - (-73 - -36)).
80
What is the value of 118 + -115 + (17 - (5 + -1) - 1)?
15
What is 15 - (-104 + -2 + (20 - 15 - -30) + -21)?
107
What is -93 + (39 - (4 - 37))?
-21
What is -13 + 27 + -2 + -6 + (2 - 7) - 77?
-76
Evaluate -16 + 30 - -68 - (19 + 4).
59
Evaluate 14 - -27 - (3 - (-1 + -12 + 8)).
33
What is -18 - -10 - (-18 - -2) - (-177 - -179)?
6
What is the value of -27 - (8 + 2 + -32) - (-2 + -41)?
38
What is -23 - ((7 - -25 - -23) + (-22 - -10))?
-66
What is the value of 29 - 2 - (-86 - (-17 + -84))?
12
What is the value of -4 - -26 - ((6 + -1 + -3 - 11) + -6)?
37
Calculate 100 - (42 + 6 + 36).
16
((-63 - -50) + -8 - 87) + 1 + 9
-98
-41 + (33 - -13) + 23
28
What is the value of -76 + 0 - (342 - (374 - 23))?
-67
(-108 - (-28 + -44)) + -1 + 2 + -10
-45
Evaluate (13 - 28) + 50 + -43 - -7.
-1
83 - (2 + 8 - (99 - 100) - 20)
92
-50 - (123 + -66) - -224
117
(5 - -9) + 5 + (12 - 29) + -33 + 0
-31
What is -81 - 1 - (-3411 + 3193)?
136
What is -23 + 8 + -44 + 95?
36
What is the value of -2 + -4 + (-11 - 0 - (-1 - -2))?
-18
What is 62 + 15 - ((-8 - -13) + -13)?
85
What is -23 + 5 - (-35 + 54)?
-37
What is (6 - ((-4 - -21) + 0)) + 91 + 4 + -4?
80
Calculate -30 + (-5 - -1) + 4 + (2487 - 2499).
-42
Evaluate (11 - (-1 + (27 - 9) - -5)) + 2 + 96.
87
Evaluate -247 - (247 + -454) - ((-2 + -9 - -1) + 0).
-30
What is the value of -61 - -2 - (2 + -21 - -1)?
-41
Evaluate -1 + -8 + 2 + (-6 - -46) - (-4 - 4).
41
-462 + 571 - (5 + -4 - (-9 + 0))
99
What is 0 + -1 + 1 - (9 - (11 - (-48 + 47)))?
3
What is the value of -14 + 75 + -14 + -11 + -20?
16
41 - ((14 - 4 - 18) + (11 - -2)) - -13
49
-65 - (-63 - (-44 + -16))
-62
Evaluate 692 + -710 - (-17 + (-6 - -4)).
1
Calculate -45 + 28 + (-47 - -22 - -2).
-40
What is -4 - (47 - 81 - -24 - -30)?
-24
What is the value of -3 + (14 - ((3 - -13) + -6)) + 1 - -14?
16
Evaluate (-108 - (6 + -139)) + (-49 - 0).
-24
-71 + (67 + 68 - 55)
9
-16 + (11 - (24 - 16)) + -44 + -4
-61
What is the value of 259 + -437 + 190 + (2 + -4 - -96)?
106
Calculate (5 - (3 + -6) - 4) + 15 + (-43 - -37).
13
Calculate -27 - -61 - (24 - -79).
-69
-46 - (-39 - (46 + -40))
-1
Evaluate 22 - (78 - (-15 + 86) - (-1 + -7)).
7
Evaluate 656 + -660 + 1 + 4 - -15.
16
72 + -14 + (37 - 21 - (-2 + 7))
69
What is (56 - 46) + -41 + 22?
-9
What is 85 + 34 + -21 + -9?
89
(26 - (64 + -69 + (14 - 0))) + -35
-18
What is the value of 6 + (-5 - 9) - (-2 + -18